, 505501
List the prime factors of 192721.
439
List the prime factors of 4551583.
19, 239557
List the prime factors of 66390.
2, 3, 5, 2213
What are the prime factors of 930608?
2, 7, 1187
What are the prime factors of 273255?
3, 5, 18217
List the prime factors of 475747.
389, 1223
List the prime factors of 5572681.
19, 37, 7927
List the prime factors of 2445728.
2, 23, 3323
What are the prime factors of 79933?
7, 19, 601
List the prime factors of 2641170.
2, 3, 5, 7, 12577
List the prime factors of 3370409.
7, 29, 16603
List the prime factors of 669300.
2, 3, 5, 23, 97
List the prime factors of 17329119.
3, 199, 29027
What are the prime factors of 2847029?
71, 40099
What are the prime factors of 769814?
2, 384907
What are the prime factors of 303070?
2, 5, 30307
What are the prime factors of 106640?
2, 5, 31, 43
What are the prime factors of 2352041?
2352041
List the prime factors of 1564837.
1564837
List the prime factors of 21109617.
3, 1171, 2003
List the prime factors of 2126501.
13, 37, 4421
List the prime factors of 951649.
951649
List the prime factors of 82670.
2, 5, 7, 1181
What are the prime factors of 1766420?
2, 5, 88321
List the prime factors of 117960.
2, 3, 5, 983
List the prime factors of 1602542.
2, 229, 3499
What are the prime factors of 9296598?
2, 3, 71, 139, 157
List the prime factors of 1728388.
2, 432097
What are the prime factors of 213039?
3, 23671
List the prime factors of 301876.
2, 163, 463
What are the prime factors of 832088?
2, 47, 2213
What are the prime factors of 359162?
2, 179581
List the prime factors of 695078.
2, 347539
List the prime factors of 2031039.
3, 225671
List the prime factors of 315812.
2, 7, 11279
List the prime factors of 1526208.
2, 3, 7949
List the prime factors of 11649746.
2, 37, 157429
List the prime factors of 50717.
41, 1237
What are the prime factors of 1246089?
3, 13, 89, 359
What are the prime factors of 93820?
2, 5, 4691
List the prime factors of 10683202.
2, 673, 7937
What are the prime factors of 9574420?
2, 5, 487, 983
List the prime factors of 656077.
656077
List the prime factors of 171383.
171383
What are the prime factors of 171180?
2, 3, 5, 317
What are the prime factors of 238480?
2, 5, 11, 271
What are the prime factors of 202679?
202679
List the prime factors of 3277631.
7, 79, 5927
List the prime factors of 4385395.
5, 7, 107, 1171
List the prime factors of 12294974.
2, 6147487
What are the prime factors of 2516778?
2, 3, 11, 19, 223
What are the prime factors of 1220600?
2, 5, 17, 359
What are the prime factors of 215755?
5, 43151
What are the prime factors of 448192?
2, 47, 149
List the prime factors of 33673334.
2, 23, 732029
What are the prime factors of 534118?
2, 13, 20543
List the prime factors of 16384.
2
What are the prime factors of 1753471?
1753471
What are the prime factors of 22472730?
2, 3, 5, 7, 35671
What are the prime factors of 8593296?
2, 3, 17, 10531
List the prime factors of 13128948.
2, 3, 7, 53, 983
List the prime factors of 463418.
2, 231709
What are the prime factors of 8671696?
2, 11, 29, 1699
What are the prime factors of 281673?
3, 7, 17, 263
List the prime factors of 1879220.
2, 5, 7, 31, 433
What are the prime factors of 6038278?
2, 47, 64237
What are the prime factors of 1775900?
2, 5, 7, 43, 59
List the prime factors of 3813780.
2, 3, 5, 17, 3739
What are the prime factors of 1713123?
3, 67, 947
What are the prime factors of 162022?
2, 7, 71, 163
List the prime factors of 23062810.
2, 5, 431, 5351
List the prime factors of 1978420.
2, 5, 31, 3191
List the prime factors of 155725.
5, 6229
List the prime factors of 11296716.
2, 3, 19, 49547
List the prime factors of 11072611.
11, 19, 31, 1709
List the prime factors of 3585589.
7, 17, 29, 1039
List the prime factors of 24260004.
2, 3, 313, 2153
List the prime factors of 8222973.
3, 11, 249181
List the prime factors of 89583.
3, 13, 2297
List the prime factors of 299706.
2, 3, 11, 19, 239
List the prime factors of 3648190.
2, 5, 7, 13, 19, 211
List the prime factors of 847750.
2, 5, 3391
List the prime factors of 1559446.
2, 7, 23, 29, 167
What are the prime factors of 360999?
3, 40111
List the prime factors of 601332.
2, 3, 50111
List the prime factors of 12804876.
2, 3, 7, 17, 61
What are the prime factors of 389715?
3, 5, 25981
What are the prime factors of 455797?
41, 11117
What are the prime factors of 26412547?
7, 3773221
What are the prime factors of 1192504?
2, 23, 6481
What are the prime factors of 248601?
3, 173, 479
What are the prime factors of 1544833?
19, 81307
What are the prime factors of 874142?
2, 437071
What are the prime factors of 348862?
2, 174431
List the prime factors of 10239581.
11, 29, 32099
What are the prime factors of 1472523?
3, 13, 17, 2221
List the prime factors of 5404427.
7, 772061
What are the prime factors of 5810698?
2, 179, 16231
What are the prime factors of 356474?
2, 137, 1301
List the prime factors of 4692355.
5, 53, 17707
What are the prime factors of 3592281?
3, 7, 11, 15551
What are the prime factors of 1833964?
2, 11, 41681
What are the prime factors of 43581?
3, 73, 199
What are the prime factors of 3584167?
571, 6277
List the prime factors of 49105.
5, 7, 23, 61
What are the prime factors of 617686?
2, 61, 83
List the prime factors of 329509.
43, 79, 97
List the prime factors of 391392.
2, 3, 151
What are the prime factors of 155980?
2, 5, 11, 709
What are the prime factors of 210751?
73, 2887
List the prime factors of 104756.
2, 26189
What are the prime factors of 317864?
2, 39733
What are the prime factors of 13706087?
19, 37967
What are the prime factors of 604653?
3, 7, 28793
List the prime factors of 256530.
2, 3, 5, 17, 503
List the prime factors of 484897.
7, 53, 1307
What are the prime factors of 279682?
2, 13, 31, 347
List the prime factors of 256312.
2, 7, 23, 199
List the prime factors of 697951.
697951
List the prime factors of 3739963.
137, 27299
What are the prime factors of 1685772?
2, 3, 11, 43
What are the prime factors of 3286258?
2, 1643129
List the prime factors of 1899856.
2, 7, 16963
What are the prime factors of 6313167?
3, 7, 33403
List the prime factors of 99129.
3, 173, 191
List the prime factors of 851369.
67, 97, 131
List the prime factors of 983292.
2, 3, 67, 1223
List the prime factors of 385152.
2, 3, 17, 59
What are the prime factors of 75360?
2, 3, 5, 157
What are the prime factors of 9839?
9839
What are the prime factors of 137486?
2, 68743
What are the prime factors of 4077105?
3, 5, 271807
List the prime factors of 948897.
3, 59, 1787
What are the prime factors of 631121?
631121
What are the prime factors of 2089331?
367, 5693
What are the prime factors of 4074120?
2, 3, 5, 11317
List the prime factors of 2462392.
2, 31, 9929
What are the prime factors of 217341?
3, 19, 31, 41
What are the prime factors of 6968793?
3, 13, 17, 23, 457
List the prime factors of 5430030.
2, 3, 5, 181001
List the prime factors of 279684.
2, 3, 17, 457
What are the prime factors of 1425014?
2, 712507
List the prime factors of 1226950.
2, 5, 53, 463
List the prime factors of 27815082.
2, 3, 4635847
List the prime factors of 16898330.
2, 5, 23, 73471
What are the prime factors of 5081908?
2, 13, 97729
List the prime factors of 471248.
2, 29453
List the prime factors of 1449851.
13, 23, 373
List the prime factors of 4593033.
3, 53, 9629
What are the prime factors of 1356318?
2, 3, 25117
List the prime factors of 155270.
2, 5, 15527
What are the prime factors of 13056880?
2, 5, 163211
List the prime factors of 13447391.
17, 37, 21379
What are the prime factors of 540631?
7, 13, 457
What are the prime factors of 122346?
2, 3, 7, 971
What are the prime factors of 344657?
523, 659
List the prime factors of 10744072.
2, 1343009
List the prime factors of 4217895.
3, 5, 11, 8521
List the prime factors of 1569507.
3, 523169
What are the prime factors of 1470652?
2, 367663
What are the prime factors of 169373?
169373
What are the prime factors of 79722?
2, 3, 43, 103
List the prime factors of 233026.
2, 37, 47, 67
List the prime factors of 812830.
2, 5, 81283
What are the prime factors of 986229?
3, 36527
List the prime factors of 3510892.
2, 7, 11, 11399
What are the prime factors of 18242178?
2, 3, 251, 12113
List the prime factors of 